{"id":168,"date":"2020-12-17T15:59:33","date_gmt":"2020-12-17T14:59:33","guid":{"rendered":"https:\/\/www.windnode.net\/?page_id=168"},"modified":"2020-12-17T15:59:33","modified_gmt":"2020-12-17T14:59:33","slug":"was-ist-windnode","status":"publish","type":"page","link":"https:\/\/www.windnode.net\/index.php\/was-ist-windnode\/","title":{"rendered":"Was ist WindNODE?"},"content":{"rendered":"\n<h1 class=\"has-custom-font has-custom-weight wp-block-heading\" style=\"font-family:Montserrat;font-weight:bold;font-size:35px\">Was ist WindNODE?<\/h1>\n\n\n\n<p class=\"has-nv-dark-bg-color has-text-color\" style=\"font-size:18px\"><strong>WindNODE<\/strong> ist eines von f\u00fcnf gro\u00dfen Verbundprojekten, die im Rahmen des Programms \u201eSchaufenster intelligente Energie \u2013 Digitale Agenda f\u00fcr die Energiewende (SINTEG)\u201c von der Bundesrepublik Deutschland, vertreten durch das Bundesministerium f\u00fcr Wirtschaft und Energie (BMWi) von 2017 bis 2020 gef\u00f6rdert wurden. <strong>SINTEG<\/strong> zielt darauf ab, in gro\u00dffl\u00e4chigen &#8222;Schaufensterregionen&#8220; skalierbare Musterl\u00f6sungen f\u00fcr eine sichere, wirtschaftliche und umweltvertr\u00e4gliche Energieversorgung bei hohen Anteilen fluktuierender Stromerzeugung aus Wind- und Sonnenenergie zu entwickeln und zu demonstrieren. Die gefundenen L\u00f6sungen sollen als Modell f\u00fcr eine breite Umsetzung dienen.<\/p>\n\n\n\n<p class=\"has-nv-dark-bg-color has-text-color\" style=\"font-size:18px\">Alle <strong>SINTEG-Projekte<\/strong> haben den Auftrag, \u201eBlaupausen\u201c f\u00fcr die breitenwirksame Umsetzung einer intelligenten Stromversorgung auf Basis erneuerbarer Energien zu entwickeln. Die Schaufenster sollen Wissen, Erfahrungen und Aktivit\u00e4ten system\u00fcbergreifend b\u00fcndeln, die technischen, wirtschaftlichen und regulatorischen Herausforderungen der Energiewende der n\u00e4chsten Jahrzehnte angehen und in der Praxis getestete Musterl\u00f6sungen liefern. Hierbei sollen vor allem folgende Ziele erreicht werden:<\/p>\n\n\n\n<ul class=\"wp-block-list\"><li>Sicherer und effizienter Netzbetrieb bei hohen Anteilen erneuerbarer Energien,<\/li><li>Nutzung von Effizienz- und Flexibilit\u00e4tspotenzialen (markt- und netzseitig),<\/li><li>Effizientes und sicheres Zusammenspiel aller Akteure im intelligenten Energienetz,<\/li><li>Effizientere Nutzung der vorhandenen Netzstruktur,<\/li><li>Reduktion von Netzausbaubedarf auf Verteilnetzebene.<\/li><\/ul>\n\n\n\n<p class=\"has-nv-dark-bg-color has-text-color\" style=\"font-size:18px\">Die <strong>WindNODE-Projektregion<\/strong> umfasst den gesamten Nordosten Deutschlands \u2013 von der Ostsee bis zum Th\u00fcringer Wald. \u00dcber 16 Millionen Menschen leben in dieser Modellregion. Gleichzeitig bildet sie ein komplettes elektrisches Energiesystem ab: Rund 70 Partner aus Wirtschaft, Wissenschaft und Industrie und damit Alle Wertsch\u00f6pfungsstufen, Netzebenen, Marktrollen und Akteure sind an WindNODE beteiligt. <\/p>\n\n\n\n<p class=\"has-nv-dark-bg-color has-text-color\" style=\"font-size:18px\"><a href=\"https:\/\/www.windnode.net\/\" data-type=\"page\" data-id=\"68\">WindNODE.net<\/a> ist der Einstieg zur <strong>WindNODE Markt- und Verbraucherplattform<\/strong>. Hierbei handelt es sich um suchbasierte Anwendungen (SBA), eine spezielle Form einer Datenanalyse, mit der strukturierte, semi-strukturierte und unstrukturierte Inhalte aus beliebigen digitalen zusammengef\u00fchrt werden k\u00f6nnen. Technologischer Kern ist die SBA-Plattform <a href=\"https:\/\/plexalytics.com\">Plexalytics<\/a> der Pumacy Technologies AG. Use Cases implementiert, auf deren Basis neue Verbraucher- und Betreibermodelle entstehen k\u00f6nnen.<\/p>\n\n\n\n<p class=\"has-nv-dark-bg-color has-text-color\" style=\"font-size:18px\">F\u00fcr <strong>Anfragen<\/strong> zur WindNODE Markt- und Verbraucherplattform finden Sie auf der <a href=\"http:\/\/www.pumacy.de\/kontakt\" data-type=\"URL\" data-id=\"www.pumacy.de\/kontakt\">Pumacy-Kontaktseite<\/a> entsprechende Ansprechstellen.<\/p>\n\n\n\n<div style=\"color:#ddd\" class=\"wp-block-atomic-blocks-ab-spacer ab-block-spacer ab-divider-solid ab-divider-size-1\"><hr style=\"height:30px\"\/><\/div>\n\n\n\n<div class=\"wp-block-image\"><figure class=\"aligncenter size-large\"><img decoding=\"async\" src=\"https:\/\/www.windnode.net\/wp-content\/uploads\/2020\/12\/Picture1.png\" alt=\"\" class=\"wp-image-177\"\/><\/figure><\/div>\n","protected":false},"excerpt":{"rendered":"<p>Was ist WindNODE? WindNODE ist eines von f\u00fcnf gro\u00dfen Verbundprojekten, die im Rahmen des Programms \u201eSchaufenster intelligente Energie \u2013 Digitale [&hellip;]<\/p>\n","protected":false},"author":1,"featured_media":0,"parent":0,"menu_order":0,"comment_status":"closed","ping_status":"closed","template":"","meta":{"site-sidebar-layout":"default","site-content-layout":"","ast-site-content-layout":"","site-content-style":"default","site-sidebar-style":"default","ast-global-header-display":"","ast-banner-title-visibility":"","ast-main-header-display":"","ast-hfb-above-header-display":"","ast-hfb-below-header-display":"","ast-hfb-mobile-header-display":"","site-post-title":"","ast-breadcrumbs-content":"","ast-featured-img":"","footer-sml-layout":"","theme-transparent-header-meta":"","adv-header-id-meta":"","stick-header-meta":"","header-above-stick-meta":"","header-main-stick-meta":"","header-below-stick-meta":"","astra-migrate-meta-layouts":"default","ast-page-background-enabled":"default","ast-page-background-meta":{"desktop":{"background-color":"var(--ast-global-color-4)","background-image":"","background-repeat":"repeat","background-position":"center center","background-size":"auto","background-attachment":"scroll","background-type":"","background-media":"","overlay-type":"","overlay-color":"","overlay-opacity":"","overlay-gradient":""},"tablet":{"background-color":"","background-image":"","background-repeat":"repeat","background-position":"center center","background-size":"auto","background-attachment":"scroll","background-type":"","background-media":"","overlay-type":"","overlay-color":"","overlay-opacity":"","overlay-gradient":""},"mobile":{"background-color":"","background-image":"","background-repeat":"repeat","background-position":"center center","background-size":"auto","background-attachment":"scroll","background-type":"","background-media":"","overlay-type":"","overlay-color":"","overlay-opacity":"","overlay-gradient":""}},"ast-content-background-meta":{"desktop":{"background-color":"var(--ast-global-color-5)","background-image":"","background-repeat":"repeat","background-position":"center center","background-size":"auto","background-attachment":"scroll","background-type":"","background-media":"","overlay-type":"","overlay-color":"","overlay-opacity":"","overlay-gradient":""},"tablet":{"background-color":"var(--ast-global-color-5)","background-image":"","background-repeat":"repeat","background-position":"center center","background-size":"auto","background-attachment":"scroll","background-type":"","background-media":"","overlay-type":"","overlay-color":"","overlay-opacity":"","overlay-gradient":""},"mobile":{"background-color":"var(--ast-global-color-5)","background-image":"","background-repeat":"repeat","background-position":"center center","background-size":"auto","background-attachment":"scroll","background-type":"","background-media":"","overlay-type":"","overlay-color":"","overlay-opacity":"","overlay-gradient":""}},"footnotes":""},"class_list":["post-168","page","type-page","status-publish","hentry"],"_links":{"self":[{"href":"https:\/\/www.windnode.net\/index.php\/wp-json\/wp\/v2\/pages\/168","targetHints":{"allow":["GET"]}}],"collection":[{"href":"https:\/\/www.windnode.net\/index.php\/wp-json\/wp\/v2\/pages"}],"about":[{"href":"https:\/\/www.windnode.net\/index.php\/wp-json\/wp\/v2\/types\/page"}],"author":[{"embeddable":true,"href":"https:\/\/www.windnode.net\/index.php\/wp-json\/wp\/v2\/users\/1"}],"replies":[{"embeddable":true,"href":"https:\/\/www.windnode.net\/index.php\/wp-json\/wp\/v2\/comments?post=168"}],"version-history":[{"count":0,"href":"https:\/\/www.windnode.net\/index.php\/wp-json\/wp\/v2\/pages\/168\/revisions"}],"wp:attachment":[{"href":"https:\/\/www.windnode.net\/index.php\/wp-json\/wp\/v2\/media?parent=168"}],"curies":[{"name":"wp","href":"https:\/\/api.w.org\/{rel}","templated":true}]}}